f 1355360?
True
Is 208557 a multiple of 332?
False
Is 678034 a multiple of 14?
True
Is 69 a factor of 75872?
False
Does 42 divide 311503?
False
Is 79 a factor of 948?
True
Is 5799431 a multiple of 17?
True
Is 7979316 a multiple of 19?
True
Is 466 a factor of 8634514?
True
Is 10 a factor of 131765?
False
Is 271719 a multiple of 21?
True
Is 14 a factor of 2940?
True
Is 35 a factor of 980125?
False
Is 4076468 a multiple of 44?
True
Is 23 a factor of 662485?
False
Does 43 divide 11708212?
True
Is 533 a factor of 143910?
True
Does 7 divide 360389?
False
Is 224560 a multiple of 8?
True
Does 28 divide 258702?
False
Does 14 divide 361858?
True
Is 25 a factor of 15895750?
True
Is 3362541 a multiple of 327?
True
Is 133 a factor of 45220?
True
Does 15 divide 1076355?
True
Is 73146 a multiple of 42?
False
Does 15 divide 736454?
False
Is 244 a factor of 19700981?
False
Is 16 a factor of 12272?
True
Does 27 divide 391419?
True
Is 19 a factor of 10834204?
False
Is 1425745 a multiple of 235?
True
Does 29 divide 1665659?
False
Is 46 a factor of 192443?
False
Does 22 divide 253516?
False
Does 3 divide 4641754?
False
Is 47 a factor of 142974?
True
Does 7 divide 21126?
True
Is 289280 a multiple of 128?
True
Is 2 a factor of 3937?
False
Does 92 divide 305716?
True
Is 181 a factor of 276568?
True
Does 338 divide 173614?
False
Is 45 a factor of 51435?
True
Is 10968 a multiple of 3?
True
Is 8943675 a multiple of 25?
True
Is 153023 a multiple of 79?
True
Is 227034 a multiple of 6?
True
Does 29 divide 244673?
True
Is 63 a factor of 1017255?
False
Is 22448 even?
True
Is 374 a factor of 50864?
True
Is 68544 a multiple of 28?
True
Is 13 a factor of 50129?
False
Is 64 a factor of 55547?
False
Does 85 divide 579645?
False
Is 86070 a multiple of 6?
True
Is 14 a factor of 175854?
True
Is 21 a factor of 29999025?
True
Is 6 a factor of 374484?
True
Is 18 a factor of 1850817?
False
Is 871024 a multiple of 539?
True
Is 614 a factor of 6138772?
True
Does 71 divide 449146?
True
Is 90 a factor of 7373160?
True
Is 52 a factor of 142682?
False
Is 3777 a multiple of 65?
False
Does 35 divide 120345?
False
Is 2459163 a multiple of 147?
True
Is 25060 a multiple of 28?
True
Is 100773 a multiple of 9?
True
Does 54 divide 455060?
False
Is 128 a factor of 388112?
False
Is 56 a factor of 5063522?
False
Is 12 a factor of 51955?
False
Is 4 a factor of 340672?
True
Does 997 divide 1011955?
True
Does 606 divide 481003?
False
Does 15 divide 2166406?
False
Is 1271808 a multiple of 368?
True
Does 528 divide 2890349?
False
Does 278 divide 564475?
False
Is 21 a factor of 91876?
False
Is 1170 a factor of 3730805?
False
Is 12475766 a multiple of 443?
True
Is 1054620 a multiple of 27?
True
Does 300 divide 3740700?
True
Does 53 divide 2214?
False
Is 1361989 a multiple of 709?
True
Does 17 divide 1012248?
True
Is 8073171 a multiple of 1358?
False
Is 582820 a multiple of 460?
True
Is 5625998 a multiple of 7?
True
Is 159588 a multiple of 9?
True
Is 12547 even?
False
Is 27 a factor of 190870?
False
Does 11 divide 64856?
True
Does 37 divide 16786493?
True
Does 469 divide 5279407?
False
Does 14 divide 4600136?
False
Is 145680 a multiple of 48?
True
Is 5336232 a multiple of 5?
False
Is 339802 a multiple of 394?
False
Is 377870 a multiple of 29?
True
Is 19 a factor of 15180658?
True
Is 375895 a multiple of 80?
False
Does 4 divide 66012?
True
Does 32 divide 3929470?
False
Does 317 divide 870799?
True
Is 62 a factor of 414718?
True
Does 71 divide 335404?
True
Is 336726 a multiple of 351?
False
Does 406 divide 1840901?
False
Is 8 a factor of 8698426?
False
Is 23936 a multiple of 68?
True
Is 83472 a multiple of 148?
True
Is 240948 a multiple of 4?
True
Is 92552 a multiple of 2?
True
Does 58 divide 8828818?
True
Is 1830085 a multiple of 92?
False
Is 887566 a multiple of 19?
True
Does 25 divide 86500?
True
Is 4371577 a multiple of 135?
False
Is 7095306 a multiple of 79?
True
Does 276 divide 1174104?
True
Is 2049291 a multiple of 19?
False
Does 6 divide 85197?
False
Is 702 a factor of 867478?
False
Does 140 divide 7543336?
False
Does 44 divide 8096075?
False
Is 256 a factor of 3050496?
True
Is 5172250 a multiple of 9?
False
Does 15 divide 30255?
True
Is 91492 a multiple of 356?
True
Is 9 a factor of 147789?
True
Does 42 divide 2955290?
False
Is 123018 a multiple of 8?
False
Is 16 a factor of 2942768?
True
Is 6629 a multiple of 5?
False
Does 2167 divide 10031043?
True
Is 350379 a multiple of 3?
True
Is 7770 a multiple of 3?
True
Does 20 divide 998?
False
Is 20 a factor of 3175060?
True
Is 6978788 a multiple of 173?
False
Is 1277672 a multiple of 10?
False
Is 177480 a multiple of 435?
True
Is 111510 a multiple of 590?
True
Does 15 divide 360687?
False
Is 32 a factor of 1754976?
True
Is 340446 a multiple of 2?
True
Does 2 divide 2161?
False
Is 1479079 a multiple of 77?
False
Does 205 divide 3652544?
False
Does 49 divide 37219?
False
Does 23 divide 2767252?
False
Is 5705328 a multiple of 104?
False
Is 188 a factor of 742036?
True
Is 1006650 a multiple of 131?
False
Is 379 a factor of 707214?
True
Does 140 divide 104720?
True
Is 5 a factor of 3382965?
True
Does 425 divide 4400450?
True
Is 45 a factor of 7901550?
True
Is 295 a factor of 12259?
False
Does 302 divide 2156334?
False
Is 13226 a multiple of 3?
False
Is 331659 a multiple of 43?
True
Is 60725 a multiple of 38?
False
Does 86 divide 35547?
False
Is 239911 a multiple of 101?
False
Is 6 a factor of 1291319?
False
Is 337050 a multiple of 433?
False
Does 9 divide 309066?
False
Does 473 divide 88747?
False
Is 236700 a multiple of 15?
True
Is 35076 a multiple of 148?
True
Is 30 a factor of 79950?
True
Is 498 a factor of 10458996?
True
Does 6 divide 1124148?
True
Is 1886808 a multiple of 232?
False
Does 84 divide 31500?
True
Does 231 divide 271194?
True
Is 738652 a multiple of 34?
False
Is 101072 a multiple of 28?
False
Is 26 a factor of 16448506?
False
Is 29 a factor of 118987?
True
Is 16407440 a multiple of 166?
True
Does 428 divide 5741856?
False
Does 28 divide 2522053?
False
Is 4 a factor of 350608?
True
Does 27 divide 279528?
False
Is 26104 a multiple of 4?
True
Is 242464 a multiple of 10?
False
Does 29 divide 161943?
False
Is 17 a factor of 56935?
False
Is 128 a factor of 2964480?
True
Is 239393 a multiple of 77?
True
Is 2 a factor of 28564?
True
Is 99958 a multiple of 53?
True
Is 1537 a factor of 3540083?
False
Does 34 divide 186558?
True
Does 1314 divide 16729848?
True
Is 58 a factor of 306033?
False
Does 32 divide 19757728?
True
Does 22 divide 235341?
False
Does 134 divide 30150?
True
Does 24 divide 480610?
False
Is 3318095 a multiple of 7?
False
Is 522782 a multiple of 26?
True
Is 374 a factor of 646892?
False
Is 535634 a multiple of 529?
False
Is 81828 even?
True
Does 24 divide 4123560?
True
Does 3 divide 30432?
True
Does 34 divide 364082?
False
Does 975 divide 2031513?
False
Is 240 a factor of 87360?
True
Is 996 a factor of 4191177?
False
Does 12 divide 2411064?
True
Is 99 a factor of 4521528?
True
Is 1975 a factor of 19767244?
False
Is 4693248 a multiple of 64?
True
Is 660526 a multiple of 478?
False
Does 848 divide 6006861?
False
Is 945932 a multiple of 3?
False
Is 13251840 a multiple of 238?
True
Is 20 a factor of 1492861?
False
Is 270625 a multiple of 125?
True
Is 14645012 a multiple of 26?
False
Does 38 divide 892966?
False
Does 59 divide 187266?
True
Is 10322920 a multiple of 613?
True
Is 8 a factor of 106837?
False
Does 34 divide 10280439?
False
Is 1859 a factor of 17757929?
False
Does 48 divide 48390?
False
Does 6 divide 512358?
True
Is 16 a factor of 20864?
True
Is 1041 a factor of 8390460?
True
Is 383767 a multiple of 108?
False
Is 21527 a multiple of 19?
True
Is 6023864 a multiple of 614?
False
Is 95 a factor of 2876505?
True
Does 330 divide 241890?
True
Is 5068504 a multiple of 28?
True
Is 19 a factor of 54359?
True
Does 13 divide 368471?
False
Is 256 a factor of 130863?
False
Is 393 a factor of 6785538?
True
Does 320 divide 166834?
False
Does 37 divide 3713320?
True
Does 11 divide 16566?
True
Is 8 a factor of 5998936?
True
Is 558679 a multiple of 4?
False
Is 708111 a multiple of 779?
True
Is 10203697 a multiple of 210?
False
Is 896085 a multiple of 15?
True
Does 52 divide 1425684?
True
Is 275881 a multiple of 282?
False
Is 964 a factor of 64588?
